*l**2/2 + l. What is q(x)?
2
Let w(s) = 3*s + 293. Let v be w(-18). Let n = v - 235. Let u(k) = -k + 4. Give u(n).
0
Let f(s) be the first derivative of -s**2 + 16*s - 6. Let g be f(7). Let l(n) = 4*n - 1 + 0*n**3 + 3*n**g - 5*n**2 - n**3. Determine l(-3).
-4
Let k(t) = -13*t + 59. Let a be ((-3)/(-4) - (-2403)/(-1780)) + (-84)/(-15). Determine k(a).
-6
Let m(f) = 16*f**3 - 7*f**2 + 43*f - 50. Let i(b) = 9*b**3 - 3*b**2 + 24*b - 25. Let d(g) = -7*i(g) + 4*m(g). Calculate d(7).
3
Let i(s) = -54*s - 1573. Let k be i(-29). Let o(t) = 11*t - 11. Determine o(k).
-88
Let d be -511*(-11)/385 + (32/(-20) - -2). Let r(l) = -l**2 + 11*l + 38. What is r(d)?
-22
Let m(u) = u - 2. Let t(d) be the first derivative of -d**4/4 + d**3 + 13*d**2/2 - 14*d - 81. Let o be t(5). What is m(o)?
-1
Let x be (-28 - -21)/((-14)/12). Let n(z) = 4*z - 16. What is n(x)?
8
Let u(y) = y**2 + y. Let l(f) = f**3 + 2*f**2 + 2*f - 1. Let v(m) = 2*l(m) - 5*u(m). Let n(p) = p**2 + 253*p - 2628. Let w be n(10). Give v(w).
8
Let d(c) = -881 + 2*c - 6*c + 440 + 365. Determine d(-21).
8
Suppose -2*q = -0*q - 6. Let s(g) = 12 - q - 14 + 6 - 3*g. What is s(6)?
-17
Suppose 199 = 11*y + 155. Let v(r) be the second derivative of r**4/3 - 2*r**3/3 + 3*r**2 - r - 2. Determine v(y).
54
Let d(b) be the first derivative of b**4/4 - 4*b**3 + 5*b**2 + 8*b - 1451. Give d(11).
-3
Let r(q) = 0*q**2 + 3*q**2 - 2 - q**3 + 3*q + q. Let n = 305430 + -305426. Calculate r(n).
-2
Suppose -20*r + 468 = -72*r. Let k(x) = x**3 + 8*x**2 - 11*x - 2. Calculate k(r).
16
Let g(o) = -o**3 - 11*o**2 + 12*o - 16. Let h be 78/52*(-32)/3 - -4. Calculate g(h).
-16
Let v(u) = -22*u**3 + 10*u**2 + 15*u - 30. Let n(s) = -7*s**3 - s**2 - 1. Let z(w) = -3*n(w) + v(w). Calculate z(14).
-13
Let s(q) be the third derivative of q**4/4 - q**3/6 - 13*q**2. Let h(y) = 17*y - 3. Let t(a) = -3*h(a) + 8*s(a). Suppose -6*f + f = -10. Determine t(f).
-5
Let y(i) = 6*i**2 - 6*i + 9. Let z be 1168/219 - (-1)/(-3). Determine y(z).
129
Let a = 104 + -105. Let o(t) = 19*t + 2 - 34*t + 31*t. What is o(a)?
-14
Let z(s) be the second derivative of s**4/12 + 13*s**3/6 + 31*s**2/2 - 13450*s. What is z(-11)?
9
Let n(u) = -10*u**2 + u + u**3 + 28*u**2 + 20 + 6*u + 2*u + 8*u. Give n(-17).
20
Let m(p) = 4*p. Let w be 48/27 + (-2)/(-9). Suppose 48 = -818*s + 830*s. Suppose 3*k - 2*i - s = 5*k, 5*k + w = -3*i. What is m(k)?
8
Let b(y) be the first derivative of -y**2 + 5/3*y**3 - 1/4*y**4 - 13 - 4*y. Let c = -1 + 4. What is b(c)?
8
Let w(b) = b - 4. Let h(x) be the second derivative of 21*x + 1/2*x**3 - 11/2*x**2 + 0. Let n(u) = -4*h(u) + 11*w(u). Determine n(2).
-2
Let h(x) = x**3 + 7*x**2 + 4*x + 3. Let a(m) = -18*m - 83. Let l be a(-5). Let g be (24/14)/((10/l)/(-5)). Give h(g).
15
Let k be (-2)/(-1)*37/(-2). Let h = 44 + k. Let t(o) = 6*o**2 - o + 17. Let s(r) = -5*r**2 - 16. Let x(b) = -7*s(b) - 6*t(b). Calculate x(h).
3
Let d(f) = -f**3 - 50*f**2 - 86*f + 466. Let b be d(-48). Let w(n) = n**2 + 3*n - 153. Calculate w(b).
1
Let z(x) = x**2 + 5*x. Let v be z(-5). Let k be (-1 - 1) + -28 + 33. Let a(i) = i**k + 194 - 383 + 188 + 0*i**3. Give a(v).
-1
Let n(m) be the first derivative of -3*m**2 - 49. Let o(i) = 11*i + 4. Let g(f) = -2*n(f) - o(f). Determine g(-2).
-6
Let i be 9*-2*(-80)/32. Let n = i + -45. Let w(r) = -r**2 + r + 23. Determine w(n).
23
Let q(h) = h**3 + 54033*h**2 - 27031*h**2 + 12 - 21*h - 27020*h**2. Calculate q(19).
-26
Let l(a) = -2 - a**2 - a**2 + 7*a**3 + 3*a**2 - 6*a**3 - 3*a + 5. Let w(c) = c**2 - 9*c + 17. Let g be w(7). What is l(g)?
30
Let p(f) = -397*f + 2376. Let j be p(6). Let t(i) = -17*i - 74. Give t(j).
28
Let f(t) = -1578*t + 524*t + 536*t + 530*t - 9. Give f(1).
3
Let a(b) = 3*b - 2. Let v(i) = 184*i. Let p(o) = -69*a(o) + v(o). Give p(6).
0
Let l(m) = -m + 6. Let o(u) = u**3 + 6*u**2 - 7*u + 7. Let i be o(-7). Suppose i*r - 37 = 33. Let j be l(r). Let k(y) = y**2 + 6*y + 2. What is k(j)?
-6
Suppose -34*o + 2*o - 5*o = 111. Let w(l) = -2*l**2 + 5*l + 3. Let b(j) = 3*j**2 - 9*j - 5. Let q(n) = 3*b(n) + 5*w(n). What is q(o)?
-3
Let t be ((-8)/(-20))/(-6*(-2)/150). Let j(f) = f**2 + 92*f**3 - 6*f**2 - 44*f**3 - 49*f**3 - t + 9*f. Give j(-7).
30
Let d(x) = -41*x - 12. Let w(r) = -19*r - 5. Let m(f) = 6*d(f) - 13*w(f). Determine m(14).
7
Let z(l) = l + 2. Suppose -4*a = 2*a + 30. Let m be (-4 - a)*-1*4. Give z(m).
-2
Let g(a) be the first derivative of a**4/2 - 5*a**3/3 - a**2/2 + 7*a + 10956. What is g(3)?
13
Suppose -4*g = 2*t - 166, -5*t + 113 + 292 = 5*g. Let l(h) = 2*h**3 - 6*h**2 + 4*h**2 - 83*h - 1 + t*h - h**3. Calculate l(3).
-4
Let i(l) = 7*l + 23. Let x(f) = 9*f**3 - 74*f**2 + 16*f + 10. Let d be x(8). Calculate i(d).
93
Let f(u) = -u**2 + u - 5. Let q be f(0). Let j(v) = 6183 - 6183 - v - v**2 + v**3. Let l(d) = -5*d**3 + 10*d**2 + d. Let x(s) = -6*j(s) - l(s). What is x(q)?
0
Let t(o) = o**3 + 8*o**2 - 11*o - 8. Let x = -4294 + 4286. Determine t(x).
80
Let s(r) = 2*r**3 - r**2 - 17*r + 18. Let m be s(1). Suppose -9 = 4*g - 5, m*c = 3*g - 3. Let v(w) = w**2. Give v(c).
9
Let p(o) = 10*o + 16. Let n(z) = 4*z**3 - 40*z**2 + 36*z - 6. Let w be n(9). Calculate p(w).
-44
Suppose 2*s + 12 = s - 4*p, 0 = 4*s + 2*p + 76. Let g be (s/80)/((-3)/(-36)). Let n(a) = 13*a + 3. Determine n(g).
-36
Let s(g) be the third derivative of -7*g - 1/12*g**4 + 8/3*g**3 + 4*g**2 + 0. Give s(9).
-2
Let i = 3911 - 3926. Let b(s) be the second derivative of -s**4/12 - 5*s**3/2 + s**2 - 26*s. Determine b(i).
2
Let y(i) = -i**2 + 11*i + 11. Let u be y(10). Let s = u + -19. Let l(k) = 53*k + 0*k**2 - 136*k + 39*k - 2 + k**2 + 43*k. Give l(s).
0
Let a(i) be the second derivative of i**5/20 + 13*i**4/12 - 11*i**3/6 + 23*i**2/2 + 4597*i. Calculate a(-14).
-19
Let z(b) = 5*b - 6. Let x be z(3). Let n be (-24)/x*(-6)/4. Let t(w) be the first derivative of -w**4/4 + 5*w**3/3 - w**2 + w + 19. Give t(n).
9
Let r(x) = -3*x**3 - 45*x**2 - 2*x - 30. Let o = 435 + -450. Calculate r(o).
0
Suppose 27*r = 9*r - 10674. Let v = 596 + r. Let s(t) = t + 3. What is s(v)?
6
Let r(f) = -2*f + 1. Let t = 910 - 852. Let w be (87/t)/((-2)/(-4)). Give r(w).
-5
Suppose 0 = 4*n + 20, -3*n + 44 - 27 = 2*v - 6*v. Let t(b) = 8 + 12 + b**3 + 5*b + 9*b**2 + 6*b. Determine t(v).
-4
Let x(v) = -13*v - 9. Let s be x(-2). Suppose -s = -17*c - 102. Let b be (115/(-6))/c + (-3)/(-18). Let a(d) = -d + 5. What is a(b)?
1
Let k = -13194 - -13188. Let m(s) = 3*s**2 + 18*s - 7. Determine m(k).
-7
Let h(x) be the first derivative of x**2 - 3*x + 37. Suppose 1 - 7 = -3*u. Calculate h(u).
1
Let n(b) = -b**3 + 5*b**2 + b - 10. Let c(u) = 47*u + 569. Let g be c(-12). Determine n(g).
-5
Let u(p) = 23*p**2 - 18*p**2 + p + 1 - 7*p + 7 - 9*p. Give u(6).
98
Let t(y) = -135*y - 4 - 136*y + 404*y - 136*y. Let a be (-2 - -4) + (-2 - -5). What is t(a)?
-19
Let l(i) = -i**3 - 7*i**2 + 7*i + 11. Suppose 0*o = -2*v + 3*o + 4, 3*v - 5 = 4*o. Let a = -18 + 16. Let z be (7 - -1)*v*(-1 - a). Calculate l(z).
19
Let h(n) = n**2 - 4*n - 3. Let y be (-3 + 2)/((-3)/6). Suppose -3*m - 161 = -4*o, -3*o + y*m + m + 123 = 0. Let l be ((-5)/(-3))/(-6 + o/6). Determine h(l).
2
Suppose -139*o = -127*o + 72. Let z(d) be the third derivative of -d**5/60 - d**4/4 + 4*d**3/3 + 6*d**2 - 7*d. What is z(o)?
8
Let d(l) = -l**2 + 14*l + 59. Suppose -4*m - 4 = 0, 4*f + 72*m - 76*m - 72 = 0. Determine d(f).
8
Let w(t) = 369*t - 340. Let r(u) = -230*u + 227. Let p(a) = -8*r(a) - 5*w(a). Determine p(-23).
-1
Let v(k) = -2*k**3 + 30*k**2 - k - 16. Let f = -7621 + 7636. Determine v(f).
-31
Let h(z) = 9*z + 114. Let t(r) = 44*r**2 - 393*r - 40. Let n be t(9). Give h(n).
-3
Let x(h) = 3*h**2 + h - 1. Let j be (-13)/3 + (-28)/(-12). Let f be (3 - j)/5 + (-1 - -2). Give x(f).
13
Let y(t) = -3*t**3 - 10*t**2 - 13*t - 3. Let f = -105 + 108. Let l(w) = -3*w**2 - 16 + 0*w + 2*w**3 - 4*w - 3*w**f + 15. Let d(u) = 8*l(u) - 3*y(u). Give d(-5).
-9
Let g(z) = -2*z**2 - 2*z - 3. Let f = 37 + -38. Let v(q) = q**2 + q + 2. Let o(n) = f*v(n) - g(n). Calculate o(-3).
7
Let l(u) = 15*u - 4. Let m be 2795/258 + (-3)/36*-2. Let y(f) = -26*f + 8. Let n(j) = m*l(j) + 6*y(j). Calculate n(3).
31
Let q = 4123 - 4123. Let o(t) be the third derivative of q*t**5 + 1/24*t**4 + 0*t + 0 - 1/40*t**6 - 10*t**2 - 1/3*t**3. What is o(-2)?
20
Let m(l) be the s